{"id":94,"date":"2026-03-03T16:29:21","date_gmt":"2026-03-03T15:29:21","guid":{"rendered":"https:\/\/masdejacquet.fr\/?page_id=94"},"modified":"2026-03-20T15:50:43","modified_gmt":"2026-03-20T14:50:43","slug":"decouvrir-notre-region","status":"publish","type":"page","link":"https:\/\/masdejacquet.fr\/index.php\/decouvrir-notre-region\/","title":{"rendered":"D\u00e9couvrir notre r\u00e9gion"},"content":{"rendered":"<p>[et_pb_section fb_built=\u00a0\u00bb1&Prime; admin_label=\u00a0\u00bbHeader\u00a0\u00bb _builder_version=\u00a0\u00bb4.24.2&Prime; _module_preset=\u00a0\u00bbdefault\u00a0\u00bb use_background_color_gradient=\u00a0\u00bbon\u00a0\u00bb background_color_gradient_stops=\u00a0\u00bbrgba(0,0,0,0.5) 0%|rgba(0,0,0,0.5) 100%\u00a0\u00bb background_color_gradient_overlays_image=\u00a0\u00bbon\u00a0\u00bb background_image=\u00a0\u00bbhttps:\/\/masdejacquet.fr\/wp-content\/uploads\/2026\/03\/fine-dining-16.jpg\u00a0\u00bb parallax=\u00a0\u00bbon\u00a0\u00bb custom_padding=\u00a0\u00bb8%||8%||true|false\u00a0\u00bb locked=\u00a0\u00bboff\u00a0\u00bb collapsed=\u00a0\u00bbon\u00a0\u00bb global_colors_info=\u00a0\u00bb{}\u00a0\u00bb][et_pb_row _builder_version=\u00a0\u00bb4.24.2&Prime; _module_preset=\u00a0\u00bbdefault\u00a0\u00bb width=\u00a0\u00bb90%\u00a0\u00bb max_width=\u00a0\u00bb900px\u00a0\u00bb global_colors_info=\u00a0\u00bb{}\u00a0\u00bb][et_pb_column type=\u00a0\u00bb4_4&Prime; _builder_version=\u00a0\u00bb4.24.1&Prime; _module_preset=\u00a0\u00bbdefault\u00a0\u00bb global_colors_info=\u00a0\u00bb{}\u00a0\u00bb][et_pb_text _builder_version=\u00a0\u00bb4.27.6&Prime; _module_preset=\u00a0\u00bb7e5e1a5a-e29b-40e3-8621-e8cc410bfc6c\u00a0\u00bb header_text_color=\u00a0\u00bb#FFFFFF\u00a0\u00bb text_orientation=\u00a0\u00bbcenter\u00a0\u00bb custom_margin=\u00a0\u00bb||10px||false|false\u00a0\u00bb global_colors_info=\u00a0\u00bb{}\u00a0\u00bb]<\/p>\n<h1>D\u00e9couvrir notre belle r\u00e9gion<\/h1>\n<p>[\/et_pb_text][et_pb_text quote_border_color=\u00a0\u00bb#FFFFFF\u00a0\u00bb _builder_version=\u00a0\u00bb4.27.6&Prime; _module_preset=\u00a0\u00bb05da46bf-e94e-461d-abcb-c93c91b5a336&Prime; text_font=\u00a0\u00bbArial|||on|||||\u00a0\u00bb text_text_color=\u00a0\u00bb#FFFFFF\u00a0\u00bb link_text_color=\u00a0\u00bb#FFFFFF\u00a0\u00bb quote_text_color=\u00a0\u00bb#FFFFFF\u00a0\u00bb text_orientation=\u00a0\u00bbcenter\u00a0\u00bb module_alignment=\u00a0\u00bbcenter\u00a0\u00bb global_colors_info=\u00a0\u00bb{}\u00a0\u00bb]<\/p>\n<p>Le g\u00eete du mas de jacquet, en pays du roquefort, profite d&rsquo;une localisation remarquable, on vous explique !<\/p>\n<p>[\/et_pb_text][\/et_pb_column][\/et_pb_row][\/et_pb_section][et_pb_section fb_built=\u00a0\u00bb1&Prime; _builder_version=\u00a0\u00bb4.24.2&Prime; _module_preset=\u00a0\u00bbdefault\u00a0\u00bb custom_padding=\u00a0\u00bb10vw||0px||false|false\u00a0\u00bb global_colors_info=\u00a0\u00bb{}\u00a0\u00bb][et_pb_row column_structure=\u00a0\u00bb1_2,1_2&Prime; _builder_version=\u00a0\u00bb4.24.2&Prime; _module_preset=\u00a0\u00bbdefault\u00a0\u00bb width=\u00a0\u00bb90%\u00a0\u00bb max_width=\u00a0\u00bb2000px\u00a0\u00bb global_colors_info=\u00a0\u00bb{}\u00a0\u00bb][et_pb_column type=\u00a0\u00bb1_2&Prime; _builder_version=\u00a0\u00bb4.24.2&Prime; _module_preset=\u00a0\u00bbdefault\u00a0\u00bb global_colors_info=\u00a0\u00bb{}\u00a0\u00bb][et_pb_image src=\u00a0\u00bbhttps:\/\/masdejacquet.fr\/wp-content\/uploads\/2026\/03\/Capture-decran-2026-03-05-a-14.30.16.png\u00a0\u00bb title_text=\u00a0\u00bbsaint izaire\u00a0\u00bb _builder_version=\u00a0\u00bb4.27.6&Prime; _module_preset=\u00a0\u00bbdefault\u00a0\u00bb locked=\u00a0\u00bboff\u00a0\u00bb global_colors_info=\u00a0\u00bb{}\u00a0\u00bb][\/et_pb_image][\/et_pb_column][et_pb_column type=\u00a0\u00bb1_2&Prime; _builder_version=\u00a0\u00bb4.24.2&Prime; _module_preset=\u00a0\u00bbdefault\u00a0\u00bb global_colors_info=\u00a0\u00bb{}\u00a0\u00bb][et_pb_text _builder_version=\u00a0\u00bb4.27.6&Prime; _module_preset=\u00a0\u00bb892168a8-1544-442d-a73e-c3716b9003a1&Prime; max_width=\u00a0\u00bb440px\u00a0\u00bb locked=\u00a0\u00bboff\u00a0\u00bb global_colors_info=\u00a0\u00bb{}\u00a0\u00bb]<\/p>\n<h3><span style=\"font-weight: 400;\">Vous d\u00e9couvrirez le village de Saint Izaire, et son beau ch\u00e2teau \u00e9piscopal datant du 14\u00e8me<\/span> <span style=\"font-weight: 400;\">si\u00e8cle.<\/span><\/h3>\n<p><span style=\"font-weight: 400;\">\u00c0 proximit\u00e9 des plus beaux villages de France, de Roquefort, de Millau et des sites remarquable du sud Aveyron.<\/span><\/p>\n<p><span style=\"font-weight: 400;\">Vous s\u00e9journerez dans une r\u00e9gion riche en patrimoine naturel, culturel et gastronomique. <\/span><\/p>\n<p><span style=\"font-weight: 400;\">Millau, Roquefort, la Route des Seigneurs du Rouergue et ses ch\u00e2teaux m\u00e9di\u00e9vaux, la vall\u00e9e du Tarn, le Parc naturel r\u00e9gional des Grands Causses et le Rougier de Camar\u00e8s vous permettront de profiter de votre s\u00e9jour en toute diversit\u00e9, pour le plaisir de chacun. <\/span><\/p>\n<p><span style=\"font-weight: 400;\">Les nombreux chemins de randonn\u00e9e vous permettront de d\u00e9couvrir \u00e0 pied ou \u00e0 v\u00e9lo notre belle r\u00e9gion. Vous pourrez \u00e9galement vous essayer au <a href=\"https:\/\/www.canoetarn-sudaveyron.com\" target=\"_blank\" rel=\"noopener\">cano\u00eb sur le Tarn.<\/a><\/span><\/p>\n<p><br style=\"font-weight: 400;\" \/><br style=\"font-weight: 400;\" \/><\/p>\n<p>[\/et_pb_text][\/et_pb_column][\/et_pb_row][\/et_pb_section][et_pb_section fb_built=\u00a0\u00bb1&Prime; admin_label=\u00a0\u00bbOur Story\u00a0\u00bb _builder_version=\u00a0\u00bb4.24.1&Prime; _module_preset=\u00a0\u00bbdefault\u00a0\u00bb custom_padding=\u00a0\u00bb0px|||||\u00a0\u00bb locked=\u00a0\u00bboff\u00a0\u00bb collapsed=\u00a0\u00bbon\u00a0\u00bb global_colors_info=\u00a0\u00bb{}\u00a0\u00bb][et_pb_row column_structure=\u00a0\u00bb1_2,1_2&Prime; _builder_version=\u00a0\u00bb4.27.6&Prime; _module_preset=\u00a0\u00bbdefault\u00a0\u00bb global_colors_info=\u00a0\u00bb{}\u00a0\u00bb][et_pb_column type=\u00a0\u00bb1_2&Prime; _builder_version=\u00a0\u00bb4.24.1&Prime; _module_preset=\u00a0\u00bbdefault\u00a0\u00bb global_colors_info=\u00a0\u00bb{}\u00a0\u00bb][et_pb_text _builder_version=\u00a0\u00bb4.27.6&Prime; _module_preset=\u00a0\u00bba91be734-5823-4726-b97d-c115c0bd8e43&Prime; custom_margin=\u00a0\u00bb||10px||false|false\u00a0\u00bb global_colors_info=\u00a0\u00bb{}\u00a0\u00bb]<\/p>\n<h2>Infos pratiques<\/h2>\n<p>[\/et_pb_text][et_pb_text _builder_version=\u00a0\u00bb4.27.6&Prime; _module_preset=\u00a0\u00bb892168a8-1544-442d-a73e-c3716b9003a1&Prime; global_colors_info=\u00a0\u00bb{}\u00a0\u00bb]<\/p>\n<h3><span style=\"font-weight: 400;\">\u00c0 proximit\u00e9 de Saint-Izaire<\/span><\/h3>\n<ul>\n<li><span style=\"font-weight: 400;\">Tabac presse, restaurant, station-service et garage, point poste.<\/span><\/li>\n<li style=\"font-weight: 400;\" aria-level=\"1\"><span style=\"font-weight: 400;\">\u00c0 9 km de Broqui\u00e8s\u00a0: boulangerie, superette, boucherie, poste.<\/span><\/li>\n<li style=\"font-weight: 400;\" aria-level=\"1\"><span style=\"font-weight: 400;\">\u00c0 18 Km de Saint-Affrique ou vous retrouverez tous les commerces, m\u00e9decins, pharmacie, piscine.<\/span><\/li>\n<\/ul>\n<p>[\/et_pb_text][et_pb_button button_url=\u00a0\u00bbhttps:\/\/www.roquefort-tourisme.fr\/fr\/\u00a0\u00bb url_new_window=\u00a0\u00bbon\u00a0\u00bb button_text=\u00a0\u00bbOffice de Tourisme Pays du Roquefort\u00a0\u00bb button_alignment=\u00a0\u00bbcenter\u00a0\u00bb _builder_version=\u00a0\u00bb4.27.6&Prime; _module_preset=\u00a0\u00bbdefault\u00a0\u00bb global_colors_info=\u00a0\u00bb{}\u00a0\u00bb][\/et_pb_button][\/et_pb_column][et_pb_column type=\u00a0\u00bb1_2&Prime; _builder_version=\u00a0\u00bb4.27.6&Prime; _module_preset=\u00a0\u00bbdefault\u00a0\u00bb global_colors_info=\u00a0\u00bb{}\u00a0\u00bb][et_pb_code _builder_version=\u00a0\u00bb4.27.6&Prime; _module_preset=\u00a0\u00bbdefault\u00a0\u00bb global_colors_info=\u00a0\u00bb{}\u00a0\u00bb]<iframe src=\"https:\/\/www.google.com\/maps\/embed?pb=!1m18!1m12!1m3!1d183786.56249528655!2d2.4392894328124903!3d43.9662947!2m3!1f0!2f0!3f0!3m2!1i1024!2i768!4f13.1!3m3!1m2!1s0x12b21759f91878f1%3A0xb8bb4795ad2349c8!2sLe%20Mas%20de%20Jacquet%20%E2%80%93%20Location%20de%20Groupe%20en%20Aveyron%20%7C%20Proche%20Tar%2C%20Randonn%C3%A9e%20et%20Campagne!5e0!3m2!1sfr!2sfr!4v1773422523058!5m2!1sfr!2sfr\" width=\"600\" height=\"450\" style=\"border:0;\" allowfullscreen=\"\" loading=\"lazy\" referrerpolicy=\"no-referrer-when-downgrade\"><\/iframe>[\/et_pb_code][\/et_pb_column][\/et_pb_row][et_pb_row column_structure=\u00a0\u00bb1_2,1_2&Prime; _builder_version=\u00a0\u00bb4.27.6&Prime; _module_preset=\u00a0\u00bbdefault\u00a0\u00bb width=\u00a0\u00bb15%\u00a0\u00bb global_colors_info=\u00a0\u00bb{}\u00a0\u00bb][et_pb_column type=\u00a0\u00bb1_2&Prime; _builder_version=\u00a0\u00bb4.27.6&Prime; _module_preset=\u00a0\u00bbdefault\u00a0\u00bb global_colors_info=\u00a0\u00bb{}\u00a0\u00bb][et_pb_image src=\u00a0\u00bbhttps:\/\/masdejacquet.fr\/wp-content\/uploads\/2026\/03\/gite-de-france-3-epis.png\u00a0\u00bb title_text=\u00a0\u00bbgite-de-france-3-epis\u00a0\u00bb _builder_version=\u00a0\u00bb4.27.6&Prime; _module_preset=\u00a0\u00bbdefault\u00a0\u00bb hover_enabled=\u00a0\u00bb0&Prime; global_colors_info=\u00a0\u00bb{}\u00a0\u00bb force_fullwidth=\u00a0\u00bbon\u00a0\u00bb max_height_last_edited=\u00a0\u00bbon|phone\u00a0\u00bb sticky_enabled=\u00a0\u00bb0&Prime;][\/et_pb_image][\/et_pb_column][et_pb_column type=\u00a0\u00bb1_2&Prime; _builder_version=\u00a0\u00bb4.27.6&Prime; _module_preset=\u00a0\u00bbdefault\u00a0\u00bb global_colors_info=\u00a0\u00bb{}\u00a0\u00bb][et_pb_image src=\u00a0\u00bbhttps:\/\/masdejacquet.fr\/wp-content\/uploads\/2026\/03\/logo-accueil-velo-scaled.png\u00a0\u00bb title_text=\u00a0\u00bblogo-accueil-velo\u00a0\u00bb _builder_version=\u00a0\u00bb4.27.6&Prime; _module_preset=\u00a0\u00bbdefault\u00a0\u00bb hover_enabled=\u00a0\u00bb0&Prime; global_colors_info=\u00a0\u00bb{}\u00a0\u00bb max_width_last_edited=\u00a0\u00bbon|phone\u00a0\u00bb sticky_enabled=\u00a0\u00bb0&Prime; width_last_edited=\u00a0\u00bbon|phone\u00a0\u00bb force_fullwidth=\u00a0\u00bbon\u00a0\u00bb height_last_edited=\u00a0\u00bbon|phone\u00a0\u00bb][\/et_pb_image][\/et_pb_column][\/et_pb_row][\/et_pb_section][et_pb_section fb_built=\u00a0\u00bb1&Prime; admin_label=\u00a0\u00bbCall to Action\u00a0\u00bb _builder_version=\u00a0\u00bb4.27.6&Prime; _module_preset=\u00a0\u00bbdefault\u00a0\u00bb use_background_color_gradient=\u00a0\u00bbon\u00a0\u00bb background_color_gradient_type=\u00a0\u00bbcircular\u00a0\u00bb background_color_gradient_stops=\u00a0\u00bbrgba(0,0,0,0.5) 0%|#000000 100%\u00a0\u00bb background_color_gradient_overlays_image=\u00a0\u00bbon\u00a0\u00bb background_image=\u00a0\u00bbhttps:\/\/masdejacquet.fr\/wp-content\/uploads\/2026\/03\/saint-izaire.png\u00a0\u00bb parallax=\u00a0\u00bbon\u00a0\u00bb custom_padding=\u00a0\u00bb8%||8%||true|false\u00a0\u00bb locked=\u00a0\u00bboff\u00a0\u00bb collapsed=\u00a0\u00bbon\u00a0\u00bb global_colors_info=\u00a0\u00bb{}\u00a0\u00bb][et_pb_row _builder_version=\u00a0\u00bb4.24.1&Prime; _module_preset=\u00a0\u00bbdefault\u00a0\u00bb max_width=\u00a0\u00bb800px\u00a0\u00bb global_colors_info=\u00a0\u00bb{}\u00a0\u00bb][et_pb_column type=\u00a0\u00bb4_4&Prime; _builder_version=\u00a0\u00bb4.24.1&Prime; _module_preset=\u00a0\u00bbdefault\u00a0\u00bb global_colors_info=\u00a0\u00bb{}\u00a0\u00bb][et_pb_text _builder_version=\u00a0\u00bb4.27.6&Prime; _module_preset=\u00a0\u00bba91be734-5823-4726-b97d-c115c0bd8e43&Prime; header_2_text_color=\u00a0\u00bb#FFFFFF\u00a0\u00bb text_orientation=\u00a0\u00bbcenter\u00a0\u00bb global_colors_info=\u00a0\u00bb{}\u00a0\u00bb]<\/p>\n<h2>Envie d&rsquo;une escapade en sud Aveyron ?<\/h2>\n<p>[\/et_pb_text][et_pb_button button_text=\u00a0\u00bbContact\u00a0\u00bb button_alignment=\u00a0\u00bbcenter\u00a0\u00bb _builder_version=\u00a0\u00bb4.27.6&Prime; _module_preset=\u00a0\u00bb8aa89042-0266-44af-bbf3-ae179cb761ec\u00a0\u00bb global_colors_info=\u00a0\u00bb{}\u00a0\u00bb][\/et_pb_button][\/et_pb_column][\/et_pb_row][\/et_pb_section]<\/p>\n","protected":false},"excerpt":{"rendered":"<p>D\u00e9couvrir notre belle r\u00e9gionLe g\u00eete du mas de jacquet, en pays du roquefort, profite d&rsquo;une localisation remarquable, on vous explique !Vous d\u00e9couvrirez le village de Saint Izaire, et son beau ch\u00e2teau \u00e9piscopal datant du 14\u00e8me si\u00e8cle. \u00c0 proximit\u00e9 des plus beaux villages de France, de Roquefort, de Millau et des sites remarquable du sud Aveyron. [&hellip;]<\/p>\n","protected":false},"author":1,"featured_media":128,"parent":0,"menu_order":0,"comment_status":"closed","ping_status":"closed","template":"","meta":{"_et_pb_use_builder":"on","_et_pb_old_content":"","_et_gb_content_width":"","footnotes":""},"class_list":["post-94","page","type-page","status-publish","has-post-thumbnail","hentry"],"yoast_head":"<!-- This site is optimized with the Yoast SEO plugin v27.2 - https:\/\/yoast.com\/product\/yoast-seo-wordpress\/ -->\n<title>D\u00e9couvrir notre r\u00e9gion - Le Mas de Jacquet \u00e0 Saint-Izaire<\/title>\n<meta name=\"description\" content=\"Notre g\u00eete se situe \u00e0 proximit\u00e9 du village de Saint-Izaire, en sud Aveyron. Nous sommes au coeur du Parc naturel r\u00e9gional des Grands Causses.\" \/>\n<meta name=\"robots\" content=\"index, follow, max-snippet:-1, max-image-preview:large, max-video-preview:-1\" \/>\n<link rel=\"canonical\" href=\"https:\/\/masdejacquet.fr\/index.php\/decouvrir-notre-region\/\" \/>\n<meta property=\"og:locale\" content=\"fr_FR\" \/>\n<meta property=\"og:type\" content=\"article\" \/>\n<meta property=\"og:title\" content=\"D\u00e9couvrir notre r\u00e9gion - Le Mas de Jacquet \u00e0 Saint-Izaire\" \/>\n<meta property=\"og:description\" content=\"Notre g\u00eete se situe \u00e0 proximit\u00e9 du village de Saint-Izaire, en sud Aveyron. Nous sommes au coeur du Parc naturel r\u00e9gional des Grands Causses.\" \/>\n<meta property=\"og:url\" content=\"https:\/\/masdejacquet.fr\/index.php\/decouvrir-notre-region\/\" \/>\n<meta property=\"og:site_name\" content=\"Le Mas de Jacquet\" \/>\n<meta property=\"article:modified_time\" content=\"2026-03-20T14:50:43+00:00\" \/>\n<meta property=\"og:image\" content=\"https:\/\/masdejacquet.fr\/wp-content\/uploads\/2026\/03\/Capture-decran-2026-03-05-a-14.30.16-1024x783.png\" \/>\n\t<meta property=\"og:image:width\" content=\"1024\" \/>\n\t<meta property=\"og:image:height\" content=\"783\" \/>\n\t<meta property=\"og:image:type\" content=\"image\/png\" \/>\n<meta name=\"twitter:card\" content=\"summary_large_image\" \/>\n<meta name=\"twitter:label1\" content=\"Dur\u00e9e de lecture estim\u00e9e\" \/>\n\t<meta name=\"twitter:data1\" content=\"2 minutes\" \/>\n<script type=\"application\/ld+json\" class=\"yoast-schema-graph\">{\"@context\":\"https:\/\/schema.org\",\"@graph\":[{\"@type\":\"WebPage\",\"@id\":\"https:\/\/masdejacquet.fr\/index.php\/decouvrir-notre-region\/\",\"url\":\"https:\/\/masdejacquet.fr\/index.php\/decouvrir-notre-region\/\",\"name\":\"D\u00e9couvrir notre r\u00e9gion - Le Mas de Jacquet \u00e0 Saint-Izaire\",\"isPartOf\":{\"@id\":\"https:\/\/masdejacquet.fr\/#website\"},\"primaryImageOfPage\":{\"@id\":\"https:\/\/masdejacquet.fr\/index.php\/decouvrir-notre-region\/#primaryimage\"},\"image\":{\"@id\":\"https:\/\/masdejacquet.fr\/index.php\/decouvrir-notre-region\/#primaryimage\"},\"thumbnailUrl\":\"https:\/\/masdejacquet.fr\/wp-content\/uploads\/2026\/03\/Capture-decran-2026-03-05-a-14.30.16.png\",\"datePublished\":\"2026-03-03T15:29:21+00:00\",\"dateModified\":\"2026-03-20T14:50:43+00:00\",\"description\":\"Notre g\u00eete se situe \u00e0 proximit\u00e9 du village de Saint-Izaire, en sud Aveyron. Nous sommes au coeur du Parc naturel r\u00e9gional des Grands Causses.\",\"breadcrumb\":{\"@id\":\"https:\/\/masdejacquet.fr\/index.php\/decouvrir-notre-region\/#breadcrumb\"},\"inLanguage\":\"fr-FR\",\"potentialAction\":[{\"@type\":\"ReadAction\",\"target\":[\"https:\/\/masdejacquet.fr\/index.php\/decouvrir-notre-region\/\"]}]},{\"@type\":\"ImageObject\",\"inLanguage\":\"fr-FR\",\"@id\":\"https:\/\/masdejacquet.fr\/index.php\/decouvrir-notre-region\/#primaryimage\",\"url\":\"https:\/\/masdejacquet.fr\/wp-content\/uploads\/2026\/03\/Capture-decran-2026-03-05-a-14.30.16.png\",\"contentUrl\":\"https:\/\/masdejacquet.fr\/wp-content\/uploads\/2026\/03\/Capture-decran-2026-03-05-a-14.30.16.png\",\"width\":1206,\"height\":922},{\"@type\":\"BreadcrumbList\",\"@id\":\"https:\/\/masdejacquet.fr\/index.php\/decouvrir-notre-region\/#breadcrumb\",\"itemListElement\":[{\"@type\":\"ListItem\",\"position\":1,\"name\":\"Accueil\",\"item\":\"https:\/\/masdejacquet.fr\/\"},{\"@type\":\"ListItem\",\"position\":2,\"name\":\"D\u00e9couvrir notre r\u00e9gion\"}]},{\"@type\":\"WebSite\",\"@id\":\"https:\/\/masdejacquet.fr\/#website\",\"url\":\"https:\/\/masdejacquet.fr\/\",\"name\":\"Le Mas de Jacquet\",\"description\":\"G\u00eete de groupe en Aveyron\",\"potentialAction\":[{\"@type\":\"SearchAction\",\"target\":{\"@type\":\"EntryPoint\",\"urlTemplate\":\"https:\/\/masdejacquet.fr\/?s={search_term_string}\"},\"query-input\":{\"@type\":\"PropertyValueSpecification\",\"valueRequired\":true,\"valueName\":\"search_term_string\"}}],\"inLanguage\":\"fr-FR\"}]}<\/script>\n<!-- \/ Yoast SEO plugin. -->","yoast_head_json":{"title":"D\u00e9couvrir notre r\u00e9gion - Le Mas de Jacquet \u00e0 Saint-Izaire","description":"Notre g\u00eete se situe \u00e0 proximit\u00e9 du village de Saint-Izaire, en sud Aveyron. Nous sommes au coeur du Parc naturel r\u00e9gional des Grands Causses.","robots":{"index":"index","follow":"follow","max-snippet":"max-snippet:-1","max-image-preview":"max-image-preview:large","max-video-preview":"max-video-preview:-1"},"canonical":"https:\/\/masdejacquet.fr\/index.php\/decouvrir-notre-region\/","og_locale":"fr_FR","og_type":"article","og_title":"D\u00e9couvrir notre r\u00e9gion - Le Mas de Jacquet \u00e0 Saint-Izaire","og_description":"Notre g\u00eete se situe \u00e0 proximit\u00e9 du village de Saint-Izaire, en sud Aveyron. Nous sommes au coeur du Parc naturel r\u00e9gional des Grands Causses.","og_url":"https:\/\/masdejacquet.fr\/index.php\/decouvrir-notre-region\/","og_site_name":"Le Mas de Jacquet","article_modified_time":"2026-03-20T14:50:43+00:00","og_image":[{"width":1024,"height":783,"url":"https:\/\/masdejacquet.fr\/wp-content\/uploads\/2026\/03\/Capture-decran-2026-03-05-a-14.30.16-1024x783.png","type":"image\/png"}],"twitter_card":"summary_large_image","twitter_misc":{"Dur\u00e9e de lecture estim\u00e9e":"2 minutes"},"schema":{"@context":"https:\/\/schema.org","@graph":[{"@type":"WebPage","@id":"https:\/\/masdejacquet.fr\/index.php\/decouvrir-notre-region\/","url":"https:\/\/masdejacquet.fr\/index.php\/decouvrir-notre-region\/","name":"D\u00e9couvrir notre r\u00e9gion - Le Mas de Jacquet \u00e0 Saint-Izaire","isPartOf":{"@id":"https:\/\/masdejacquet.fr\/#website"},"primaryImageOfPage":{"@id":"https:\/\/masdejacquet.fr\/index.php\/decouvrir-notre-region\/#primaryimage"},"image":{"@id":"https:\/\/masdejacquet.fr\/index.php\/decouvrir-notre-region\/#primaryimage"},"thumbnailUrl":"https:\/\/masdejacquet.fr\/wp-content\/uploads\/2026\/03\/Capture-decran-2026-03-05-a-14.30.16.png","datePublished":"2026-03-03T15:29:21+00:00","dateModified":"2026-03-20T14:50:43+00:00","description":"Notre g\u00eete se situe \u00e0 proximit\u00e9 du village de Saint-Izaire, en sud Aveyron. Nous sommes au coeur du Parc naturel r\u00e9gional des Grands Causses.","breadcrumb":{"@id":"https:\/\/masdejacquet.fr\/index.php\/decouvrir-notre-region\/#breadcrumb"},"inLanguage":"fr-FR","potentialAction":[{"@type":"ReadAction","target":["https:\/\/masdejacquet.fr\/index.php\/decouvrir-notre-region\/"]}]},{"@type":"ImageObject","inLanguage":"fr-FR","@id":"https:\/\/masdejacquet.fr\/index.php\/decouvrir-notre-region\/#primaryimage","url":"https:\/\/masdejacquet.fr\/wp-content\/uploads\/2026\/03\/Capture-decran-2026-03-05-a-14.30.16.png","contentUrl":"https:\/\/masdejacquet.fr\/wp-content\/uploads\/2026\/03\/Capture-decran-2026-03-05-a-14.30.16.png","width":1206,"height":922},{"@type":"BreadcrumbList","@id":"https:\/\/masdejacquet.fr\/index.php\/decouvrir-notre-region\/#breadcrumb","itemListElement":[{"@type":"ListItem","position":1,"name":"Accueil","item":"https:\/\/masdejacquet.fr\/"},{"@type":"ListItem","position":2,"name":"D\u00e9couvrir notre r\u00e9gion"}]},{"@type":"WebSite","@id":"https:\/\/masdejacquet.fr\/#website","url":"https:\/\/masdejacquet.fr\/","name":"Le Mas de Jacquet","description":"G\u00eete de groupe en Aveyron","potentialAction":[{"@type":"SearchAction","target":{"@type":"EntryPoint","urlTemplate":"https:\/\/masdejacquet.fr\/?s={search_term_string}"},"query-input":{"@type":"PropertyValueSpecification","valueRequired":true,"valueName":"search_term_string"}}],"inLanguage":"fr-FR"}]}},"_links":{"self":[{"href":"https:\/\/masdejacquet.fr\/index.php\/wp-json\/wp\/v2\/pages\/94","targetHints":{"allow":["GET"]}}],"collection":[{"href":"https:\/\/masdejacquet.fr\/index.php\/wp-json\/wp\/v2\/pages"}],"about":[{"href":"https:\/\/masdejacquet.fr\/index.php\/wp-json\/wp\/v2\/types\/page"}],"author":[{"embeddable":true,"href":"https:\/\/masdejacquet.fr\/index.php\/wp-json\/wp\/v2\/users\/1"}],"replies":[{"embeddable":true,"href":"https:\/\/masdejacquet.fr\/index.php\/wp-json\/wp\/v2\/comments?post=94"}],"version-history":[{"count":13,"href":"https:\/\/masdejacquet.fr\/index.php\/wp-json\/wp\/v2\/pages\/94\/revisions"}],"predecessor-version":[{"id":249,"href":"https:\/\/masdejacquet.fr\/index.php\/wp-json\/wp\/v2\/pages\/94\/revisions\/249"}],"wp:featuredmedia":[{"embeddable":true,"href":"https:\/\/masdejacquet.fr\/index.php\/wp-json\/wp\/v2\/media\/128"}],"wp:attachment":[{"href":"https:\/\/masdejacquet.fr\/index.php\/wp-json\/wp\/v2\/media?parent=94"}],"curies":[{"name":"wp","href":"https:\/\/api.w.org\/{rel}","templated":true}]}}