{"id":177,"date":"2026-03-13T18:31:10","date_gmt":"2026-03-13T17:31:10","guid":{"rendered":"https:\/\/masdejacquet.fr\/?page_id=177"},"modified":"2026-03-20T19:00:36","modified_gmt":"2026-03-20T18:00:36","slug":"disponibilites","status":"publish","type":"page","link":"https:\/\/masdejacquet.fr\/index.php\/disponibilites\/","title":{"rendered":"Disponibilit\u00e9s"},"content":{"rendered":"<p>[et_pb_section fb_built=\u00a0\u00bb1&Prime; admin_label=\u00a0\u00bbHeader &#038; Call to Action\u00a0\u00bb _builder_version=\u00a0\u00bb4.24.1&Prime; _module_preset=\u00a0\u00bbdefault\u00a0\u00bb collapsed=\u00a0\u00bbon\u00a0\u00bb global_colors_info=\u00a0\u00bb{}\u00a0\u00bb][et_pb_row _builder_version=\u00a0\u00bb4.24.1&Prime; _module_preset=\u00a0\u00bbdefault\u00a0\u00bb max_width=\u00a0\u00bb800px\u00a0\u00bb global_colors_info=\u00a0\u00bb{}\u00a0\u00bb][et_pb_column type=\u00a0\u00bb4_4&Prime; _builder_version=\u00a0\u00bb4.24.1&Prime; _module_preset=\u00a0\u00bbdefault\u00a0\u00bb global_colors_info=\u00a0\u00bb{}\u00a0\u00bb][et_pb_text _builder_version=\u00a0\u00bb4.27.6&Prime; _module_preset=\u00a0\u00bb470e52b2-0861-4993-aa38-dde266e62c6d\u00a0\u00bb text_orientation=\u00a0\u00bbcenter\u00a0\u00bb custom_margin=\u00a0\u00bb||10px||false|false\u00a0\u00bb global_colors_info=\u00a0\u00bb{}\u00a0\u00bb]<\/p>\n<h1>Disponibilit\u00e9s<\/h1>\n<p>[\/et_pb_text][et_pb_text _builder_version=\u00a0\u00bb4.27.6&Prime; _module_preset=\u00a0\u00bb4f00d7ff-8c74-4025-9c6f-d96d1434dcc4&Prime; text_font=\u00a0\u00bbArial|||on|||||\u00a0\u00bb text_orientation=\u00a0\u00bbcenter\u00a0\u00bb module_alignment=\u00a0\u00bbcenter\u00a0\u00bb locked=\u00a0\u00bboff\u00a0\u00bb global_colors_info=\u00a0\u00bb{}\u00a0\u00bb]<\/p>\n<p><span>D\u00e9couvrez nos tarifs et le planning des disponibilit\u00e9s pour organiser votre s\u00e9jour \u00e0 Saint-Izaire.<\/span><\/p>\n<p>[\/et_pb_text][\/et_pb_column][\/et_pb_row][et_pb_row column_structure=\u00a0\u00bb1_2,1_2&Prime; _builder_version=\u00a0\u00bb4.24.1&Prime; _module_preset=\u00a0\u00bbdefault\u00a0\u00bb max_width=\u00a0\u00bb800px\u00a0\u00bb global_colors_info=\u00a0\u00bb{}\u00a0\u00bb][et_pb_column type=\u00a0\u00bb1_2&Prime; _builder_version=\u00a0\u00bb4.24.1&Prime; _module_preset=\u00a0\u00bbdefault\u00a0\u00bb global_colors_info=\u00a0\u00bb{}\u00a0\u00bb][et_pb_button button_url=\u00a0\u00bb@ET-DC@eyJkeW5hbWljIjp0cnVlLCJjb250ZW50IjoicG9zdF9saW5rX3VybF9wYWdlIiwic2V0dGluZ3MiOnsicG9zdF9pZCI6IjEzMCJ9fQ==@\u00a0\u00bb button_text=\u00a0\u00bbD\u00e9couvrir le g\u00eete\u00a0\u00bb button_alignment=\u00a0\u00bbright\u00a0\u00bb button_alignment_tablet=\u00a0\u00bbcenter\u00a0\u00bb button_alignment_phone=\u00a0\u00bbcenter\u00a0\u00bb button_alignment_last_edited=\u00a0\u00bbon|tablet\u00a0\u00bb _builder_version=\u00a0\u00bb4.27.6&Prime; _dynamic_attributes=\u00a0\u00bbbutton_url\u00a0\u00bb _module_preset=\u00a0\u00bb29905063-63f6-469c-9c68-15c0b4847980&Prime; global_colors_info=\u00a0\u00bb{}\u00a0\u00bb][\/et_pb_button][\/et_pb_column][et_pb_column type=\u00a0\u00bb1_2&Prime; _builder_version=\u00a0\u00bb4.24.1&Prime; _module_preset=\u00a0\u00bbdefault\u00a0\u00bb global_colors_info=\u00a0\u00bb{}\u00a0\u00bb][et_pb_button button_url=\u00a0\u00bb@ET-DC@eyJkeW5hbWljIjp0cnVlLCJjb250ZW50IjoicG9zdF9saW5rX3VybF9wYWdlIiwic2V0dGluZ3MiOnsicG9zdF9pZCI6IjU2In19@\u00a0\u00bb button_text=\u00a0\u00bbR\u00e9server\u00a0\u00bb button_alignment_tablet=\u00a0\u00bbcenter\u00a0\u00bb button_alignment_phone=\u00a0\u00bbcenter\u00a0\u00bb button_alignment_last_edited=\u00a0\u00bbon|tablet\u00a0\u00bb _builder_version=\u00a0\u00bb4.27.6&Prime; _dynamic_attributes=\u00a0\u00bbbutton_url\u00a0\u00bb _module_preset=\u00a0\u00bb29905063-63f6-469c-9c68-15c0b4847980&Prime; locked=\u00a0\u00bboff\u00a0\u00bb global_colors_info=\u00a0\u00bb{}\u00a0\u00bb][\/et_pb_button][\/et_pb_column][\/et_pb_row][\/et_pb_section][et_pb_section fb_built=\u00a0\u00bb1&Prime; admin_label=\u00a0\u00bbGallery\u00a0\u00bb _builder_version=\u00a0\u00bb4.24.2&Prime; _module_preset=\u00a0\u00bbdefault\u00a0\u00bb custom_padding=\u00a0\u00bb|0px||0px|false|true\u00a0\u00bb locked=\u00a0\u00bboff\u00a0\u00bb collapsed=\u00a0\u00bbon\u00a0\u00bb global_colors_info=\u00a0\u00bb{}\u00a0\u00bb][et_pb_row column_structure=\u00a0\u00bb1_3,1_3,1_3&Prime; _builder_version=\u00a0\u00bb4.24.2&Prime; _module_preset=\u00a0\u00bbdefault\u00a0\u00bb width=\u00a0\u00bb90%\u00a0\u00bb max_width=\u00a0\u00bb2000px\u00a0\u00bb global_colors_info=\u00a0\u00bb{}\u00a0\u00bb][et_pb_column type=\u00a0\u00bb1_3&Prime; _builder_version=\u00a0\u00bb4.24.1&Prime; _module_preset=\u00a0\u00bbdefault\u00a0\u00bb global_colors_info=\u00a0\u00bb{}\u00a0\u00bb][et_pb_image src=\u00a0\u00bbhttps:\/\/masdejacquet.fr\/wp-content\/uploads\/2026\/03\/CUIS03-scaled.jpg\u00a0\u00bb title_text=\u00a0\u00bbCUIS03&Prime; _builder_version=\u00a0\u00bb4.27.6&Prime; _module_preset=\u00a0\u00bbdefault\u00a0\u00bb global_colors_info=\u00a0\u00bb{}\u00a0\u00bb][\/et_pb_image][\/et_pb_column][et_pb_column type=\u00a0\u00bb1_3&Prime; _builder_version=\u00a0\u00bb4.24.1&Prime; _module_preset=\u00a0\u00bbdefault\u00a0\u00bb global_colors_info=\u00a0\u00bb{}\u00a0\u00bb][et_pb_image src=\u00a0\u00bbhttps:\/\/masdejacquet.fr\/wp-content\/uploads\/2026\/03\/gite-mas-jacquet-gd13.jpg\u00a0\u00bb title_text=\u00a0\u00bbgite-mas-jacquet-gd13&Prime; _builder_version=\u00a0\u00bb4.27.6&Prime; _module_preset=\u00a0\u00bbdefault\u00a0\u00bb locked=\u00a0\u00bboff\u00a0\u00bb global_colors_info=\u00a0\u00bb{}\u00a0\u00bb][\/et_pb_image][\/et_pb_column][et_pb_column type=\u00a0\u00bb1_3&Prime; _builder_version=\u00a0\u00bb4.24.1&Prime; _module_preset=\u00a0\u00bbdefault\u00a0\u00bb global_colors_info=\u00a0\u00bb{}\u00a0\u00bb][et_pb_image src=\u00a0\u00bbhttps:\/\/masdejacquet.fr\/wp-content\/uploads\/2026\/03\/gite-mas-jacquet.jpg\u00a0\u00bb title_text=\u00a0\u00bbgite-mas-jacquet\u00a0\u00bb _builder_version=\u00a0\u00bb4.27.6&Prime; _module_preset=\u00a0\u00bbdefault\u00a0\u00bb locked=\u00a0\u00bboff\u00a0\u00bb global_colors_info=\u00a0\u00bb{}\u00a0\u00bb][\/et_pb_image][\/et_pb_column][\/et_pb_row][\/et_pb_section][et_pb_section fb_built=\u00a0\u00bb1&Prime; admin_label=\u00a0\u00bbFeatures\u00a0\u00bb _builder_version=\u00a0\u00bb4.24.1&Prime; _module_preset=\u00a0\u00bbdefault\u00a0\u00bb collapsed=\u00a0\u00bbon\u00a0\u00bb global_colors_info=\u00a0\u00bb{}\u00a0\u00bb][et_pb_row _builder_version=\u00a0\u00bb4.27.6&Prime; _module_preset=\u00a0\u00bbdefault\u00a0\u00bb global_colors_info=\u00a0\u00bb{}\u00a0\u00bb][et_pb_column type=\u00a0\u00bb4_4&Prime; _builder_version=\u00a0\u00bb4.27.6&Prime; _module_preset=\u00a0\u00bbdefault\u00a0\u00bb global_colors_info=\u00a0\u00bb{}\u00a0\u00bb][et_pb_code _builder_version=\u00a0\u00bb4.27.6&Prime; _module_preset=\u00a0\u00bbdefault\u00a0\u00bb width=\u00a0\u00bb100%\u00a0\u00bb max_width=\u00a0\u00bb100%\u00a0\u00bb max_width_phone=\u00a0\u00bb47%\u00a0\u00bb max_width_last_edited=\u00a0\u00bboff|desktop\u00a0\u00bb module_alignment=\u00a0\u00bbcenter\u00a0\u00bb hover_enabled=\u00a0\u00bb0&Prime; global_colors_info=\u00a0\u00bb{}\u00a0\u00bb disabled_on=\u00a0\u00bbon|off|off\u00a0\u00bb sticky_enabled=\u00a0\u00bb0&Prime;]<div class=\"r34ics-ajax-container loading\" id=\"r69d2491da9b0a59\" data-view=\"month\" data-view-is-list-style=\"0\" data-view-is-list-long=\"0\" data-args=\"c5654c1bbab157fe58a22d98bf992d6a667fffd6\" data-js-args=\"{&quot;debug&quot;:null}\">&nbsp;<\/div>[\/et_pb_code][\/et_pb_column][\/et_pb_row][et_pb_row _builder_version=\u00a0\u00bb4.27.6&Prime; _module_preset=\u00a0\u00bbdefault\u00a0\u00bb global_colors_info=\u00a0\u00bb{}\u00a0\u00bb][et_pb_column type=\u00a0\u00bb4_4&Prime; _builder_version=\u00a0\u00bb4.27.6&Prime; _module_preset=\u00a0\u00bbdefault\u00a0\u00bb global_colors_info=\u00a0\u00bb{}\u00a0\u00bb][et_pb_text _builder_version=\u00a0\u00bb4.27.6&Prime; _module_preset=\u00a0\u00bbdefault\u00a0\u00bb global_colors_info=\u00a0\u00bb{}\u00a0\u00bb]<\/p>\n<h1>Tarifs 2026<\/h1>\n<p><span>La location du <\/span><strong data-start=\"196\" data-end=\"214\">Mas de Jacquet<\/strong><span> est possible \u00e0 partir de <\/span><strong data-start=\"240\" data-end=\"259\">2 nuits minimum<\/strong><span>.<\/span><\/p>\n<p>[\/et_pb_text][et_pb_text _builder_version=\u00a0\u00bb4.27.6&Prime; _module_preset=\u00a0\u00bbdefault\u00a0\u00bb global_colors_info=\u00a0\u00bb{}\u00a0\u00bb]<\/p>\n<h3 data-section-id=\"1t0clm7\" data-start=\"379\" data-end=\"404\">S\u00e9jour de 2 \u00e0 7 nuits<\/h3>\n<div class=\"TyagGW_tableContainer\">\n<div class=\"group TyagGW_tableWrapper flex flex-col-reverse w-fit\" tabindex=\"-1\">\n<table data-start=\"406\" data-end=\"600\" class=\"w-fit min-w-(--thread-content-width)\">\n<thead data-start=\"406\" data-end=\"433\">\n<tr data-start=\"406\" data-end=\"433\">\n<th data-start=\"406\" data-end=\"424\" data-col-size=\"sm\" class=\"\">Dur\u00e9e du s\u00e9jour<\/th>\n<th data-start=\"424\" data-end=\"433\" data-col-size=\"sm\" class=\"\">Tarif<\/th>\n<\/tr>\n<\/thead>\n<tbody data-start=\"461\" data-end=\"600\">\n<tr data-start=\"461\" data-end=\"480\">\n<td data-start=\"461\" data-end=\"471\" data-col-size=\"sm\">2 nuits<\/td>\n<td data-col-size=\"sm\" data-start=\"471\" data-end=\"480\">850 \u20ac<\/td>\n<\/tr>\n<tr data-start=\"481\" data-end=\"502\">\n<td data-start=\"481\" data-end=\"491\" data-col-size=\"sm\">3 nuits<\/td>\n<td data-col-size=\"sm\" data-start=\"491\" data-end=\"502\">1 000 \u20ac<\/td>\n<\/tr>\n<tr data-start=\"503\" data-end=\"524\">\n<td data-start=\"503\" data-end=\"513\" data-col-size=\"sm\">4 nuits<\/td>\n<td data-col-size=\"sm\" data-start=\"513\" data-end=\"524\">1 150 \u20ac<\/td>\n<\/tr>\n<tr data-start=\"525\" data-end=\"546\">\n<td data-start=\"525\" data-end=\"535\" data-col-size=\"sm\">5 nuits<\/td>\n<td data-col-size=\"sm\" data-start=\"535\" data-end=\"546\">1 300 \u20ac<\/td>\n<\/tr>\n<tr data-start=\"547\" data-end=\"568\">\n<td data-start=\"547\" data-end=\"557\" data-col-size=\"sm\">6 nuits<\/td>\n<td data-col-size=\"sm\" data-start=\"557\" data-end=\"568\">1 450 \u20ac<\/td>\n<\/tr>\n<tr data-start=\"569\" data-end=\"600\">\n<td data-start=\"569\" data-end=\"589\" data-col-size=\"sm\">7 nuits (semaine)<\/td>\n<td data-col-size=\"sm\" data-start=\"589\" data-end=\"600\">1 600 \u20ac<\/td>\n<\/tr>\n<\/tbody>\n<\/table>\n<\/div>\n<\/div>\n<h1 data-section-id=\"1j8fy02\" data-start=\"607\" data-end=\"623\"><\/h1>\n<h1 data-section-id=\"1j8fy02\" data-start=\"607\" data-end=\"623\">Haute saison<\/h1>\n<p data-start=\"624\" data-end=\"665\"><strong data-start=\"624\" data-end=\"665\">Du 19 d\u00e9cembre 2026 au 5 janvier 2027<\/strong><\/p>\n<div class=\"TyagGW_tableContainer\">\n<div class=\"group TyagGW_tableWrapper flex flex-col-reverse w-fit\" tabindex=\"-1\">\n<table data-start=\"667\" data-end=\"863\" class=\"w-fit min-w-(--thread-content-width)\">\n<thead data-start=\"667\" data-end=\"694\">\n<tr data-start=\"667\" data-end=\"694\">\n<th data-start=\"667\" data-end=\"685\" data-col-size=\"sm\" class=\"\">Dur\u00e9e du s\u00e9jour<\/th>\n<th data-start=\"685\" data-end=\"694\" data-col-size=\"sm\" class=\"\">Tarif<\/th>\n<\/tr>\n<\/thead>\n<tbody data-start=\"722\" data-end=\"863\">\n<tr data-start=\"722\" data-end=\"743\">\n<td data-start=\"722\" data-end=\"732\" data-col-size=\"sm\">2 nuits<\/td>\n<td data-col-size=\"sm\" data-start=\"732\" data-end=\"743\">1 050 \u20ac<\/td>\n<\/tr>\n<tr data-start=\"744\" data-end=\"765\">\n<td data-start=\"744\" data-end=\"754\" data-col-size=\"sm\">3 nuits<\/td>\n<td data-col-size=\"sm\" data-start=\"754\" data-end=\"765\">1 250 \u20ac<\/td>\n<\/tr>\n<tr data-start=\"766\" data-end=\"787\">\n<td data-start=\"766\" data-end=\"776\" data-col-size=\"sm\">4 nuits<\/td>\n<td data-col-size=\"sm\" data-start=\"776\" data-end=\"787\">1 400 \u20ac<\/td>\n<\/tr>\n<tr data-start=\"788\" data-end=\"809\">\n<td data-start=\"788\" data-end=\"798\" data-col-size=\"sm\">5 nuits<\/td>\n<td data-col-size=\"sm\" data-start=\"798\" data-end=\"809\">1 550 \u20ac<\/td>\n<\/tr>\n<tr data-start=\"810\" data-end=\"831\">\n<td data-start=\"810\" data-end=\"820\" data-col-size=\"sm\">6 nuits<\/td>\n<td data-col-size=\"sm\" data-start=\"820\" data-end=\"831\">1 650 \u20ac<\/td>\n<\/tr>\n<tr data-start=\"832\" data-end=\"863\">\n<td data-start=\"832\" data-end=\"852\" data-col-size=\"sm\">7 nuits (semaine)<\/td>\n<td data-col-size=\"sm\" data-start=\"852\" data-end=\"863\">1 750 \u20ac<\/td>\n<\/tr>\n<\/tbody>\n<\/table>\n<\/div>\n<\/div>\n<p data-start=\"865\" data-end=\"926\"><em data-start=\"865\" data-end=\"926\">Le chauffage est inclus dans les tarifs de la haute saison.<\/em><\/p>\n<h1 data-section-id=\"playhf\" data-start=\"933\" data-end=\"963\"><\/h1>\n<h1 data-section-id=\"playhf\" data-start=\"933\" data-end=\"963\">Informations compl\u00e9mentaires<\/h1>\n<h1 data-section-id=\"playhf\" data-start=\"933\" data-end=\"963\"><strong data-start=\"1002\" data-end=\"1025\" style=\"font-size: 14px; color: #666666;\">Linge de lit fourni<\/strong><\/h1>\n<h3 data-section-id=\"br27cm\" data-start=\"1027\" data-end=\"1038\"><\/h3>\n<h3 data-section-id=\"br27cm\" data-start=\"1027\" data-end=\"1038\">Options<\/h3>\n<ul data-start=\"1040\" data-end=\"1122\">\n<li data-section-id=\"8xan6o\" data-start=\"1040\" data-end=\"1084\">\n<p data-start=\"1042\" data-end=\"1084\">Linge de toilette : <strong data-start=\"1062\" data-end=\"1082\">5 \u20ac par personne<\/strong><\/p>\n<\/li>\n<li data-section-id=\"kwfa8t\" data-start=\"1085\" data-end=\"1122\">\n<p data-start=\"1087\" data-end=\"1122\">M\u00e9nage de fin de s\u00e9jour : <strong data-start=\"1113\" data-end=\"1122\">120 \u20ac<\/strong><\/p>\n<\/li>\n<\/ul>\n<p data-start=\"1129\" data-end=\"1230\">\n<p data-start=\"1129\" data-end=\"1230\">\ud83d\udce9 <strong data-start=\"1132\" data-end=\"1230\">Pour toute demande particuli\u00e8re ou information compl\u00e9mentaire, n\u2019h\u00e9sitez pas \u00e0 nous contacter.<\/strong><\/p>\n<p>[\/et_pb_text][\/et_pb_column][\/et_pb_row][et_pb_row column_structure=\u00a0\u00bb1_6,1_6,1_6,1_6,1_6,1_6&Prime; _builder_version=\u00a0\u00bb4.27.6&Prime; _module_preset=\u00a0\u00bbdefault\u00a0\u00bb global_colors_info=\u00a0\u00bb{}\u00a0\u00bb][et_pb_column type=\u00a0\u00bb1_6&Prime; _builder_version=\u00a0\u00bb4.27.6&Prime; _module_preset=\u00a0\u00bbdefault\u00a0\u00bb global_colors_info=\u00a0\u00bb{}\u00a0\u00bb][\/et_pb_column][et_pb_column type=\u00a0\u00bb1_6&Prime; _builder_version=\u00a0\u00bb4.27.6&Prime; _module_preset=\u00a0\u00bbdefault\u00a0\u00bb global_colors_info=\u00a0\u00bb{}\u00a0\u00bb][\/et_pb_column][et_pb_column type=\u00a0\u00bb1_6&Prime; _builder_version=\u00a0\u00bb4.27.6&Prime; _module_preset=\u00a0\u00bbdefault\u00a0\u00bb global_colors_info=\u00a0\u00bb{}\u00a0\u00bb][\/et_pb_column][et_pb_column type=\u00a0\u00bb1_6&Prime; _builder_version=\u00a0\u00bb4.27.6&Prime; _module_preset=\u00a0\u00bbdefault\u00a0\u00bb global_colors_info=\u00a0\u00bb{}\u00a0\u00bb][\/et_pb_column][et_pb_column type=\u00a0\u00bb1_6&Prime; _builder_version=\u00a0\u00bb4.27.6&Prime; _module_preset=\u00a0\u00bbdefault\u00a0\u00bb global_colors_info=\u00a0\u00bb{}\u00a0\u00bb][et_pb_image src=\u00a0\u00bbhttps:\/\/masdejacquet.fr\/wp-content\/uploads\/2026\/03\/gite-de-france-3-epis.png\u00a0\u00bb title_text=\u00a0\u00bbgite-de-france-3-epis\u00a0\u00bb _builder_version=\u00a0\u00bb4.27.6&Prime; _module_preset=\u00a0\u00bbdefault\u00a0\u00bb global_colors_info=\u00a0\u00bb{}\u00a0\u00bb][\/et_pb_image][\/et_pb_column][et_pb_column type=\u00a0\u00bb1_6&Prime; _builder_version=\u00a0\u00bb4.27.6&Prime; _module_preset=\u00a0\u00bbdefault\u00a0\u00bb global_colors_info=\u00a0\u00bb{}\u00a0\u00bb][et_pb_image src=\u00a0\u00bbhttps:\/\/masdejacquet.fr\/wp-content\/uploads\/2026\/03\/logo-accueil-velo-scaled.png\u00a0\u00bb title_text=\u00a0\u00bblogo-accueil-velo\u00a0\u00bb _builder_version=\u00a0\u00bb4.27.6&Prime; _module_preset=\u00a0\u00bbdefault\u00a0\u00bb width=\u00a0\u00bb47%\u00a0\u00bb max_width=\u00a0\u00bb47%\u00a0\u00bb global_colors_info=\u00a0\u00bb{}\u00a0\u00bb][\/et_pb_image][\/et_pb_column][\/et_pb_row][\/et_pb_section]<\/p>\n","protected":false},"excerpt":{"rendered":"<p>Disponibilit\u00e9sD\u00e9couvrez nos tarifs et le planning des disponibilit\u00e9s pour organiser votre s\u00e9jour \u00e0 Saint-Izaire.<div class=\"r34ics-ajax-container loading\" id=\"r69d2491db055eed\" data-view=\"month\" data-view-is-list-style=\"0\" data-view-is-list-long=\"0\" data-args=\"c5654c1bbab157fe58a22d98bf992d6a667fffd6\" data-js-args=\"{&quot;debug&quot;:null}\">&nbsp;<\/div>Tarifs 2026 La location du Mas de Jacquet est possible \u00e0 partir de 2 nuits minimum.S\u00e9jour de 2 \u00e0 7 nuits Dur\u00e9e du s\u00e9jour Tarif 2 nuits 850 \u20ac 3 nuits 1 000 \u20ac 4 nuits 1 150 \u20ac 5 nuits [&hellip;]<\/p>\n","protected":false},"author":1,"featured_media":72,"parent":0,"menu_order":0,"comment_status":"closed","ping_status":"closed","template":"","meta":{"_et_pb_use_builder":"on","_et_pb_old_content":"","_et_gb_content_width":"","footnotes":""},"class_list":["post-177","page","type-page","status-publish","has-post-thumbnail","hentry"],"yoast_head":"<!-- This site is optimized with the Yoast SEO plugin v27.2 - https:\/\/yoast.com\/product\/yoast-seo-wordpress\/ -->\n<title>Disponibilit\u00e9s - Le Mas de Jacquet<\/title>\n<meta name=\"description\" content=\"D\u00e9couvrez les disponibilit\u00e9s de location du g\u00eete du Mas de Jacquet, ainsi que les tarifs. R\u00e9servez vos vacances d\u00e8s maintenant.\" \/>\n<meta name=\"robots\" content=\"index, follow, max-snippet:-1, max-image-preview:large, max-video-preview:-1\" \/>\n<link rel=\"canonical\" href=\"https:\/\/masdejacquet.fr\/index.php\/disponibilites\/\" \/>\n<meta property=\"og:locale\" content=\"fr_FR\" \/>\n<meta property=\"og:type\" content=\"article\" \/>\n<meta property=\"og:title\" content=\"Disponibilit\u00e9s - Le Mas de Jacquet\" \/>\n<meta property=\"og:description\" content=\"D\u00e9couvrez les disponibilit\u00e9s de location du g\u00eete du Mas de Jacquet, ainsi que les tarifs. R\u00e9servez vos vacances d\u00e8s maintenant.\" \/>\n<meta property=\"og:url\" content=\"https:\/\/masdejacquet.fr\/index.php\/disponibilites\/\" \/>\n<meta property=\"og:site_name\" content=\"Le Mas de Jacquet\" \/>\n<meta property=\"article:modified_time\" content=\"2026-03-20T18:00:36+00:00\" \/>\n<meta property=\"og:image\" content=\"https:\/\/masdejacquet.fr\/wp-content\/uploads\/2026\/03\/gite-mas-jacquet2_gd.jpg\" \/>\n\t<meta property=\"og:image:width\" content=\"1024\" \/>\n\t<meta property=\"og:image:height\" content=\"768\" \/>\n\t<meta property=\"og:image:type\" content=\"image\/jpeg\" \/>\n<meta name=\"twitter:card\" content=\"summary_large_image\" \/>\n<meta name=\"twitter:label1\" content=\"Dur\u00e9e de lecture estim\u00e9e\" \/>\n\t<meta name=\"twitter:data1\" content=\"2 minutes\" \/>\n<script type=\"application\/ld+json\" class=\"yoast-schema-graph\">{\"@context\":\"https:\/\/schema.org\",\"@graph\":[{\"@type\":\"WebPage\",\"@id\":\"https:\/\/masdejacquet.fr\/index.php\/disponibilites\/\",\"url\":\"https:\/\/masdejacquet.fr\/index.php\/disponibilites\/\",\"name\":\"Disponibilit\u00e9s - Le Mas de Jacquet\",\"isPartOf\":{\"@id\":\"https:\/\/masdejacquet.fr\/#website\"},\"primaryImageOfPage\":{\"@id\":\"https:\/\/masdejacquet.fr\/index.php\/disponibilites\/#primaryimage\"},\"image\":{\"@id\":\"https:\/\/masdejacquet.fr\/index.php\/disponibilites\/#primaryimage\"},\"thumbnailUrl\":\"https:\/\/masdejacquet.fr\/wp-content\/uploads\/2026\/03\/gite-mas-jacquet2_gd.jpg\",\"datePublished\":\"2026-03-13T17:31:10+00:00\",\"dateModified\":\"2026-03-20T18:00:36+00:00\",\"description\":\"D\u00e9couvrez les disponibilit\u00e9s de location du g\u00eete du Mas de Jacquet, ainsi que les tarifs. R\u00e9servez vos vacances d\u00e8s maintenant.\",\"breadcrumb\":{\"@id\":\"https:\/\/masdejacquet.fr\/index.php\/disponibilites\/#breadcrumb\"},\"inLanguage\":\"fr-FR\",\"potentialAction\":[{\"@type\":\"ReadAction\",\"target\":[\"https:\/\/masdejacquet.fr\/index.php\/disponibilites\/\"]}]},{\"@type\":\"ImageObject\",\"inLanguage\":\"fr-FR\",\"@id\":\"https:\/\/masdejacquet.fr\/index.php\/disponibilites\/#primaryimage\",\"url\":\"https:\/\/masdejacquet.fr\/wp-content\/uploads\/2026\/03\/gite-mas-jacquet2_gd.jpg\",\"contentUrl\":\"https:\/\/masdejacquet.fr\/wp-content\/uploads\/2026\/03\/gite-mas-jacquet2_gd.jpg\",\"width\":1024,\"height\":768},{\"@type\":\"BreadcrumbList\",\"@id\":\"https:\/\/masdejacquet.fr\/index.php\/disponibilites\/#breadcrumb\",\"itemListElement\":[{\"@type\":\"ListItem\",\"position\":1,\"name\":\"Accueil\",\"item\":\"https:\/\/masdejacquet.fr\/\"},{\"@type\":\"ListItem\",\"position\":2,\"name\":\"Disponibilit\u00e9s\"}]},{\"@type\":\"WebSite\",\"@id\":\"https:\/\/masdejacquet.fr\/#website\",\"url\":\"https:\/\/masdejacquet.fr\/\",\"name\":\"Le Mas de Jacquet\",\"description\":\"G\u00eete de groupe en Aveyron\",\"potentialAction\":[{\"@type\":\"SearchAction\",\"target\":{\"@type\":\"EntryPoint\",\"urlTemplate\":\"https:\/\/masdejacquet.fr\/?s={search_term_string}\"},\"query-input\":{\"@type\":\"PropertyValueSpecification\",\"valueRequired\":true,\"valueName\":\"search_term_string\"}}],\"inLanguage\":\"fr-FR\"}]}<\/script>\n<!-- \/ Yoast SEO plugin. -->","yoast_head_json":{"title":"Disponibilit\u00e9s - Le Mas de Jacquet","description":"D\u00e9couvrez les disponibilit\u00e9s de location du g\u00eete du Mas de Jacquet, ainsi que les tarifs. R\u00e9servez vos vacances d\u00e8s maintenant.","robots":{"index":"index","follow":"follow","max-snippet":"max-snippet:-1","max-image-preview":"max-image-preview:large","max-video-preview":"max-video-preview:-1"},"canonical":"https:\/\/masdejacquet.fr\/index.php\/disponibilites\/","og_locale":"fr_FR","og_type":"article","og_title":"Disponibilit\u00e9s - Le Mas de Jacquet","og_description":"D\u00e9couvrez les disponibilit\u00e9s de location du g\u00eete du Mas de Jacquet, ainsi que les tarifs. R\u00e9servez vos vacances d\u00e8s maintenant.","og_url":"https:\/\/masdejacquet.fr\/index.php\/disponibilites\/","og_site_name":"Le Mas de Jacquet","article_modified_time":"2026-03-20T18:00:36+00:00","og_image":[{"width":1024,"height":768,"url":"https:\/\/masdejacquet.fr\/wp-content\/uploads\/2026\/03\/gite-mas-jacquet2_gd.jpg","type":"image\/jpeg"}],"twitter_card":"summary_large_image","twitter_misc":{"Dur\u00e9e de lecture estim\u00e9e":"2 minutes"},"schema":{"@context":"https:\/\/schema.org","@graph":[{"@type":"WebPage","@id":"https:\/\/masdejacquet.fr\/index.php\/disponibilites\/","url":"https:\/\/masdejacquet.fr\/index.php\/disponibilites\/","name":"Disponibilit\u00e9s - Le Mas de Jacquet","isPartOf":{"@id":"https:\/\/masdejacquet.fr\/#website"},"primaryImageOfPage":{"@id":"https:\/\/masdejacquet.fr\/index.php\/disponibilites\/#primaryimage"},"image":{"@id":"https:\/\/masdejacquet.fr\/index.php\/disponibilites\/#primaryimage"},"thumbnailUrl":"https:\/\/masdejacquet.fr\/wp-content\/uploads\/2026\/03\/gite-mas-jacquet2_gd.jpg","datePublished":"2026-03-13T17:31:10+00:00","dateModified":"2026-03-20T18:00:36+00:00","description":"D\u00e9couvrez les disponibilit\u00e9s de location du g\u00eete du Mas de Jacquet, ainsi que les tarifs. R\u00e9servez vos vacances d\u00e8s maintenant.","breadcrumb":{"@id":"https:\/\/masdejacquet.fr\/index.php\/disponibilites\/#breadcrumb"},"inLanguage":"fr-FR","potentialAction":[{"@type":"ReadAction","target":["https:\/\/masdejacquet.fr\/index.php\/disponibilites\/"]}]},{"@type":"ImageObject","inLanguage":"fr-FR","@id":"https:\/\/masdejacquet.fr\/index.php\/disponibilites\/#primaryimage","url":"https:\/\/masdejacquet.fr\/wp-content\/uploads\/2026\/03\/gite-mas-jacquet2_gd.jpg","contentUrl":"https:\/\/masdejacquet.fr\/wp-content\/uploads\/2026\/03\/gite-mas-jacquet2_gd.jpg","width":1024,"height":768},{"@type":"BreadcrumbList","@id":"https:\/\/masdejacquet.fr\/index.php\/disponibilites\/#breadcrumb","itemListElement":[{"@type":"ListItem","position":1,"name":"Accueil","item":"https:\/\/masdejacquet.fr\/"},{"@type":"ListItem","position":2,"name":"Disponibilit\u00e9s"}]},{"@type":"WebSite","@id":"https:\/\/masdejacquet.fr\/#website","url":"https:\/\/masdejacquet.fr\/","name":"Le Mas de Jacquet","description":"G\u00eete de groupe en Aveyron","potentialAction":[{"@type":"SearchAction","target":{"@type":"EntryPoint","urlTemplate":"https:\/\/masdejacquet.fr\/?s={search_term_string}"},"query-input":{"@type":"PropertyValueSpecification","valueRequired":true,"valueName":"search_term_string"}}],"inLanguage":"fr-FR"}]}},"_links":{"self":[{"href":"https:\/\/masdejacquet.fr\/index.php\/wp-json\/wp\/v2\/pages\/177","targetHints":{"allow":["GET"]}}],"collection":[{"href":"https:\/\/masdejacquet.fr\/index.php\/wp-json\/wp\/v2\/pages"}],"about":[{"href":"https:\/\/masdejacquet.fr\/index.php\/wp-json\/wp\/v2\/types\/page"}],"author":[{"embeddable":true,"href":"https:\/\/masdejacquet.fr\/index.php\/wp-json\/wp\/v2\/users\/1"}],"replies":[{"embeddable":true,"href":"https:\/\/masdejacquet.fr\/index.php\/wp-json\/wp\/v2\/comments?post=177"}],"version-history":[{"count":7,"href":"https:\/\/masdejacquet.fr\/index.php\/wp-json\/wp\/v2\/pages\/177\/revisions"}],"predecessor-version":[{"id":259,"href":"https:\/\/masdejacquet.fr\/index.php\/wp-json\/wp\/v2\/pages\/177\/revisions\/259"}],"wp:featuredmedia":[{"embeddable":true,"href":"https:\/\/masdejacquet.fr\/index.php\/wp-json\/wp\/v2\/media\/72"}],"wp:attachment":[{"href":"https:\/\/masdejacquet.fr\/index.php\/wp-json\/wp\/v2\/media?parent=177"}],"curies":[{"name":"wp","href":"https:\/\/api.w.org\/{rel}","templated":true}]}}